 + 156*g**2 - 2*g + 121. Determine h(52).
17
Let z(q) = 81*q + 1281. Calculate z(-16).
-15
Let c(h) = 7*h**2 + 108*h - 162. Give c(-17).
25
Let x(t) = -73*t - 958. Give x(-11).
-155
Let x(w) = w**3 + 6*w**2 + 28*w + 283. Give x(-8).
-69
Let d(z) = -571*z**2 + 1134*z + 8. What is d(2)?
-8
Let x(b) = -112*b - 960. Give x(-8).
-64
Let t(x) = 121*x + 1150. Determine t(-12).
-302
Let w(i) = -i**2 - 145*i - 2071. What is w(-16)?
-7
Let x(r) = -2*r**3 - 38*r**2 - 4*r - 3. What is x(-19)?
73
Let u(a) = a**2 + 90*a + 236. What is u(-86)?
-108
Let z(w) = -10*w**2 + 3*w + 6. Determine z(-5).
-259
Let j(i) = -52*i + 23. Determine j(-4).
231
Let u(x) = x**3 + 14*x**2 - 181*x - 41. Determine u(-22).
69
Let l(k) = -358*k + 1100. Give l(3).
26
Let w(u) = -14*u**3 + 127*u**2 - 17*u - 45. Give w(9).
-117
Let g(o) = -2664*o + 119881. Determine g(45).
1
Let g(u) = 3*u**3 - 34*u**2 + 8*u - 19. Give g(10).
-339
Let t(k) = k**2 + 143*k - 559. Determine t(-147).
29
Let j(f) = 46*f - 236. Calculate j(5).
-6
Let o(z) = 170*z**2 + 846*z - 24. What is o(-5)?
-4
Let l(y) = 2*y**2 - 2*y - 46. Give l(6).
14
Let f(k) = -5*k**2 + 274*k + 628. Give f(57).
1
Let m(j) = 86*j - 27. What is m(-6)?
-543
Let m(d) = -64*d - 1715. Calculate m(-27).
13
Let l(q) = -235*q - 2067. What is l(-9)?
48
Let h(j) = 2*j**2 - 28*j - 119. Determine h(19).
71
Let g(m) = m**3 - 20*m**2 - 5*m + 53. What is g(20)?
-47
Let i(o) = -14*o**2 - 128*o - 68. Give i(-7).
142
Let v(j) = 5*j**2 - 169*j + 37. Calculate v(33).
-95
Let l(b) = b**3 + 5*b**2 + 9*b - 32. Calculate l(2).
14
Let y(i) = 110*i + 9466. Calculate y(-86).
6
Let f(t) = 20966*t + 104830. Calculate f(-5).
0
Let n(g) = -g**2 - 135*g - 2078. Give n(-18).
28
Let c(b) = -6791*b - 74700. What is c(-11)?
1
Let n(b) = -4*b**2 - 592*b + 11210. Determine n(-165).
-10
Let z(t) = 14*t - 102. Calculate z(-2).
-130
Let a(v) = 2*v**2 - 561*v + 2743. Calculate a(5).
-12
Let r(z) = z**3 - 32*z**2 + 104*z + 224. Calculate r(28).
0
Let u(x) = x**3 + 273*x**2 + 4370*x + 309. Calculate u(-17).
3
Let d(p) = -30*p**3 + 5*p**2 - 4. Give d(-2).
256
Let c(y) = 418*y + 2622. Calculate c(-6).
114
Let y(n) = -48*n - 508. Determine y(-22).
548
Let i(o) = 6*o**2 + 162*o - 11. Give i(-27).
-11
Let d(x) = -214*x + 432. Determine d(2).
4
Let r(i) = -i**3 - 17*i**2 - 8*i + 118. Calculate r(-16).
-10
Let t(o) = 474*o + 2034. What is t(-4)?
138
Let a(g) = -g**2 + 124*g - 3644. Determine a(48).
4
Let a(n) = 14*n - 86. Calculate a(-3).
-128
Let z(o) = -o**3 + 65*o**2 - 541*o - 499. Calculate z(55).
-4
Let p(m) = 2*m**3 - 5*m**2 + 62*m - 196. Determine p(3).
-1
Let i(j) = -j**3 + 17*j**2 - 433*j + 2876. Determine i(8).
-12
Let i(a) = 6*a + 161. Determine i(-17).
59
Let f(z) = z**3 - 71*z**2 - 150*z + 331. Give f(73).
39
Let h(j) = -6*j**3 + 3*j**2 - 12*j - 46. What is h(-3)?
179
Let s(r) = -152*r - 10541. Give s(-69).
-53
Let v(b) = b**2 - 19*b - 799. What is v(39)?
-19
Let o(i) = -i**2 - 6090*i + 18272. Determine o(3).
-7
Let w(c) = -24*c**2 + 94*c + 8. Give w(4).
0
Let w(u) = -64*u + 1860. Determine w(29).
4
Let s(k) = k**2 + 71*k + 478. Calculate s(-63).
-26
Let b(l) = 114*l + 3268. Calculate b(-28).
76
Let w(s) = -466*s**2 - 58*s + 59. Give w(1).
-465
Let q(n) = -168*n + 7558. What is q(45)?
-2
Let z(q) = q**3 + 3*q**2 + 2. Determine z(-4).
-14
Let t(i) = i**3 - 39*i**2 + 36*i + 83. Calculate t(38).
7
Let w(m) = m - 50. Determine w(2).
-48
Let l(p) = -61*p - 56. What is l(-3)?
127
Let t(d) = 11*d**2 - 325*d + 651. Determine t(2).
45
Let n(z) = -2952*z + 11837. Calculate n(4).
29
Let s(l) = -198*l - 4158. Calculate s(-21).
0
Let u(y) = -57*y - 1074. What is u(-19)?
9
Let q(c) = -2*c**2 - 2*c + 112. Determine q(0).
112
Let g(u) = 2*u**2 + u - 70. What is g(0)?
-70
Let n(a) = a**3 + 3*a**2 - 179*a - 542. Give n(-3).
-5
Let d(v) = 3*v**3 - 312*v**2 - 636*v - 45. Calculate d(106).
-45
Let r(h) = 36*h**3 + 12*h**2 + 2*h - 15. What is r(1)?
35
Let f(i) = 2*i**3 + 206*i**2 - 7. Determine f(-103).
-7
Let a(j) = -7*j + 160. Give a(16).
48
Let d(j) = -j**2 + 108*j - 2189. Give d(81).
-2
Let m(s) = s**3 - s**2 + 17*s + 2. What is m(3)?
71
Let k(r) = 2*r**3 + 27*r**2 - 8*r - 24. What is k(-13)?
249
Let f(p) = 6*p - 40. Give f(-32).
-232
Let s(o) = -2231*o - 62486. Calculate s(-28).
-18
Let w(y) = y**2 + 127*y + 2121. Give w(-107).
-19
Let q(t) = -8*t + 221. Determine q(23).
37
Let s(z) = z**3 + 84*z**2 + 389*z + 9. Calculate s(-5).
39
Let x(u) = -10*u**2 + u + 30. Give x(5).
-215
Let r(a) = -2*a**3 + 2*a**2 - 25*a - 116. What is r(0)?
-116
Let w(g) = 2*g**3 + 20*g**2 - 88*g + 30. What is w(-13)?
160
Let w(r) = -578*r + 35824. Determine w(62).
-12
Let i(w) = -326*w**2 - 6*w - 5. Give i(-1).
-325
Let v(h) = 436*h - 4356. Determine v(10).
4
Let u(y) = -25*y**2 - 349*y + 1288. Give u(-17).
-4
Let q(u) = 2*u**2 + 1456*u - 2916. Give q(2).
4
Let j(r) = -19*r**2 + 50*r + 2. What is j(3)?
-19
Let l(i) = -6*i**3 - 54*i**2 + 73*i + 112. Determine l(-10).
-18
Let c(t) = -t**2 + 106*t - 1762. Calculate c(84).
86
Let l(h) = 2*h**2 + 36*h - 65. Give l(-22).
111
Let o(l) = 44*l**3 - 2*l**2 + l. What is o(1)?
43
Let k(w) = -411*w - 4098. Determine k(-10).
12
Let t(j) = -3*j**2 + 56*j - 186. Give t(19).
-205
Let m(f) = 113*f - 138. Determine m(1).
-25
Let i(j) = 1009*j - 11094. Calculate i(11).
5
Let m(w) = -2*w**3 + 59*w**2 - 178*w - 87. Calculate m(26).
17
Let l(f) = 190*f + 768. Calculate l(-4).
8
Let l(r) = 3*r**2 + 99*r - 3199. What is l(-53)?
-19
Let z(q) = -q**3 - 15*q**2 - 32*q - 95. Give z(-13).
-17
Let w(x) = 4*x**2 + 96*x + 404. What is w(-5)?
24
Let p(w) = -2*w - 19. What is p(12)?
-43
Let x(l) = 3*l**2 + 39*l - 7. Determine x(-16).
137
Let z(d) = -d**3 - 43*d**2 + 134*d - 226. Determine z(-46).
-42
Let v(h) = 174*h - 218. Calculate v(-3).
-740
Let u(z) = -z**3 - 21*z**2 + 49*z + 41. Calculate u(-23).
-28
Let v(p) = p**3 - 6*p**2 + 13*p + 40. Calculate v(7).
180
Let a(w) = 2*w**2 - 9*w - 51. Calculate a(-2).
-25
Let p(x) = x**3 + 43*x**2 - 82*x + 364. Determine p(-45).
4
Let j(f) = 3*f**3 + 32*f**2 + 38*f + 179. What is j(-10)?
-1
Let i(j) = -2*j**2 - 95*j - 16. Calculate i(0).
-16
Let c(g) = -g**2 - 1615*g + 22803. Determine c(14).
-3
Let n(z) = -3*z**2 - 48*z + 49. Calculate n(-19).
-122
Let p(r) = 50*r + 3565. Give p(-72).
-35
Let j(u) = -32*u - 226. Determine j(-6).
-34
Let y(p) = -5*p**2 - 12*p + 27. Calculate y(3).
-54
Let q(h) = -14*h**2 - 13*h + 2. Calculate q(3).
-163
Let b(z) = -154*z - 1000. Determine b(-6).
-76
Let r(k) = k**3 - 6*k**2 - 22*k + 27. Determine r(9).
72
Let q(n) = -6*n**2 + 357*n - 1053. Calculate q(3).
-36
Let p(h) = -15*h**2 + 18*h + 1020. Give p(9).
-33
Let s(w) = -1067*w + 1045. Give s(1).
-22
Let g(r) = 326*r - 1308. Give g(4).
-4
Let y(t) = t**3 - 65*t**2 - 748*t - 145. Give y(75).
5
Let k(u) = 18*u**2 + 5*u + 7. Determine k(-1).
20
Let v(h) = -152*h - 1441. What is v(-9)?
-73
Let i(j) = 19*j - 1162. Calculate i(60).
-22
Let y(u) = -4*u**2 - 52*u + 367. What is y(-19)?
-89
Let r(f) = 50*f - 66. Give r(5).
184
Let b(s) = 65*s - 104. What is b(2)?
26
Let p(g) = 208*g + 716. Determine p(-3).
92
Let l(a) = a**3 - 17*a**2 + 37*a - 22. Determine l(15).
83
Let k(b) = -38*b - 1984. Give k(-51).
-46
Let h(z) = 14*z**2 + 83*z + 95. Determine h(-4).
-13
Let y(d) = 27*d**2 + 77*d - 17. Determine y(-5).
273
Let z(d) = d**2 - 426*d + 2523. Calculate z(6).
3
Let r(s) = s**3 + 33*s**2 - 60*s + 338. What is r(-35)?
-12
Let r(z) = -2*z**2 - 125*z - 720. What is r(-56)?
8
Let x(y) = 1174*y + 11768. Determine x(-10).
28
Let v(a) = -a**3 - 5*a**2 - a - 1. What is v(-4)?
-13
Let z(t) = 16*t - 42. What is z(-6)?
-138
Let f(l) = 95*l + 3395. Give f(-36).
-25
Let r(m) = -3*m**2 + 115*m + 2333. Calculate r(53).
1
Let b(o) = -o**2 - 152*o + 630. Calculate b(4).
6
Let j(d) = -70*d**2 - 772*d - 24. Determine j(-11).
-2
Let g(t) = 2*t**3 + 66*t**2 - 1841*t - 252. Give g(-51).
3
Let f(t) = -113*t - 1363. Determine f(-12).
-7
Let x(i) = -3*i**2 + 40*i - 130. Calculate x(7).
3
Let s(x) = 5*x**2 - 1110*x - 3377. Calculate s(-3).
-2
Let s(n) = n**2 - 43*n + 140. Determine s(3).
20
Let j(i) = -22*i**2 + 44*i + 82. Calculate j(-2).
-94
Let n(j) = -j**2 - 8*j + 134. Give n(-24).
-250
Let y(n) = -251*n + 1057. Determine y(4).
53
Let v(r) = 2633*r + 34226. Give v(-13).
-3
Let w(q) = -66*q - 1230. W